{"id":327,"date":"2024-04-28T16:59:54","date_gmt":"2024-04-28T20:59:54","guid":{"rendered":"http:\/\/portojofre.com.br\/site\/?page_id=327"},"modified":"2024-06-23T21:51:01","modified_gmt":"2024-06-24T01:51:01","slug":"nossa-historia","status":"publish","type":"page","link":"https:\/\/www.portojofre.com.br\/site\/nossa-historia\/","title":{"rendered":"Nossa Hist\u00f3ria"},"content":{"rendered":"\t\t<div data-elementor-type=\"wp-page\" data-elementor-id=\"327\" class=\"elementor elementor-327\" data-elementor-post-type=\"page\">\n\t\t\t\t<div class=\"elementor-element elementor-element-59ec375 e-flex e-con-boxed e-con e-parent\" data-id=\"59ec375\" data-element_type=\"container\" data-e-type=\"container\" data-settings=\"{&quot;background_background&quot;:&quot;classic&quot;}\">\n\t\t\t\t\t<div class=\"e-con-inner\">\n\t\t\t\t\t<\/div>\n\t\t\t\t<\/div>\n\t\t\t\t<section class=\"elementor-section elementor-top-section elementor-element elementor-element-be1dde7 elementor-reverse-tablet elementor-reverse-mobile elementor-section-boxed elementor-section-height-default elementor-section-height-default\" data-id=\"be1dde7\" data-element_type=\"section\" data-e-type=\"section\">\n\t\t\t\t\t\t<div class=\"elementor-container elementor-column-gap-no\">\n\t\t\t\t\t<div class=\"elementor-column elementor-col-100 elementor-top-column elementor-element elementor-element-031be3c\" data-id=\"031be3c\" data-element_type=\"column\" data-e-type=\"column\">\n\t\t\t<div class=\"elementor-widget-wrap elementor-element-populated\">\n\t\t\t\t\t\t<div class=\"elementor-element elementor-element-7954938 elementor-widget-divider--view-line_icon elementor-view-default elementor-widget-divider--element-align-center elementor-widget elementor-widget-divider\" data-id=\"7954938\" data-element_type=\"widget\" data-e-type=\"widget\" data-widget_type=\"divider.default\">\n\t\t\t\t<div class=\"elementor-widget-container\">\n\t\t\t\t\t\t\t<div class=\"elementor-divider\">\n\t\t\t<span class=\"elementor-divider-separator\">\n\t\t\t\t\t\t\t<div class=\"elementor-icon elementor-divider__element\">\n\t\t\t\t\t<svg aria-hidden=\"true\" class=\"e-font-icon-svg e-fas-book-open\" viewBox=\"0 0 576 512\" xmlns=\"http:\/\/www.w3.org\/2000\/svg\"><path d=\"M542.22 32.05c-54.8 3.11-163.72 14.43-230.96 55.59-4.64 2.84-7.27 7.89-7.27 13.17v363.87c0 11.55 12.63 18.85 23.28 13.49 69.18-34.82 169.23-44.32 218.7-46.92 16.89-.89 30.02-14.43 30.02-30.66V62.75c.01-17.71-15.35-31.74-33.77-30.7zM264.73 87.64C197.5 46.48 88.58 35.17 33.78 32.05 15.36 31.01 0 45.04 0 62.75V400.6c0 16.24 13.13 29.78 30.02 30.66 49.49 2.6 149.59 12.11 218.77 46.95 10.62 5.35 23.21-1.94 23.21-13.46V100.63c0-5.29-2.62-10.14-7.27-12.99z\"><\/path><\/svg><\/div>\n\t\t\t\t\t\t<\/span>\n\t\t<\/div>\n\t\t\t\t\t\t<\/div>\n\t\t\t\t<\/div>\n\t\t\t\t<div class=\"elementor-element elementor-element-b9c5658 elementor-widget elementor-widget-heading\" data-id=\"b9c5658\" data-element_type=\"widget\" data-e-type=\"widget\" data-widget_type=\"heading.default\">\n\t\t\t\t<div class=\"elementor-widget-container\">\n\t\t\t\t\t<h3 class=\"elementor-heading-title elementor-size-default\">Nossa Hist\u00f3ria<\/h3>\t\t\t\t<\/div>\n\t\t\t\t<\/div>\n\t\t\t\t\t<\/div>\n\t\t<\/div>\n\t\t\t\t\t<\/div>\n\t\t<\/section>\n\t\t<div class=\"elementor-element elementor-element-277f9b7 e-flex e-con-boxed e-con e-parent\" data-id=\"277f9b7\" data-element_type=\"container\" data-e-type=\"container\">\n\t\t\t\t\t<div class=\"e-con-inner\">\n\t\t<div class=\"elementor-element elementor-element-92a13cf e-con-full e-flex e-con e-child\" data-id=\"92a13cf\" data-element_type=\"container\" data-e-type=\"container\">\n\t\t\t\t<div class=\"elementor-element elementor-element-e2218b7 elementor-widget__width-initial elementor-widget elementor-widget-image\" data-id=\"e2218b7\" data-element_type=\"widget\" data-e-type=\"widget\" data-widget_type=\"image.default\">\n\t\t\t\t<div class=\"elementor-widget-container\">\n\t\t\t\t\t\t\t\t\t\t\t\t<figure class=\"wp-caption\">\n\t\t\t\t\t\t\t\t\t\t\t<a href=\"https:\/\/www.portojofre.com.br\/site\/wp-content\/uploads\/2024\/06\/9c273722-16ab-4fe5-9fbe-795af8817595-e1719193849490.jpg\" data-elementor-open-lightbox=\"yes\" data-e-action-hash=\"#elementor-action%3Aaction%3Dlightbox%26settings%3DeyJpZCI6MjQxMSwidXJsIjoiaHR0cHM6XC9cL3d3dy5wb3J0b2pvZnJlLmNvbS5iclwvc2l0ZVwvd3AtY29udGVudFwvdXBsb2Fkc1wvMjAyNFwvMDZcLzljMjczNzIyLTE2YWItNGZlNS05ZmJlLTc5NWFmODgxNzU5NS1lMTcxOTE5Mzg0OTQ5MC5qcGcifQ%3D%3D\">\n\t\t\t\t\t\t\t<img fetchpriority=\"high\" decoding=\"async\" width=\"1501\" height=\"940\" src=\"https:\/\/www.portojofre.com.br\/site\/wp-content\/uploads\/2024\/06\/9c273722-16ab-4fe5-9fbe-795af8817595-e1719193849490.jpg\" class=\"attachment-full size-full wp-image-2411\" alt=\"\" srcset=\"https:\/\/www.portojofre.com.br\/site\/wp-content\/uploads\/2024\/06\/9c273722-16ab-4fe5-9fbe-795af8817595-e1719193849490.jpg 1501w, https:\/\/www.portojofre.com.br\/site\/wp-content\/uploads\/2024\/06\/9c273722-16ab-4fe5-9fbe-795af8817595-e1719193849490-300x188.jpg 300w, https:\/\/www.portojofre.com.br\/site\/wp-content\/uploads\/2024\/06\/9c273722-16ab-4fe5-9fbe-795af8817595-e1719193849490-1024x641.jpg 1024w, https:\/\/www.portojofre.com.br\/site\/wp-content\/uploads\/2024\/06\/9c273722-16ab-4fe5-9fbe-795af8817595-e1719193849490-768x481.jpg 768w\" sizes=\"(max-width: 1501px) 100vw, 1501px\" \/>\t\t\t\t\t\t\t\t<\/a>\n\t\t\t\t\t\t\t\t\t\t\t<figcaption class=\"widget-image-caption wp-caption-text\">Clique para aumentar<\/figcaption>\n\t\t\t\t\t\t\t\t\t\t<\/figure>\n\t\t\t\t\t\t\t\t\t<\/div>\n\t\t\t\t<\/div>\n\t\t\t\t<\/div>\n\t\t<div class=\"elementor-element elementor-element-636f71a e-con-full e-flex e-con e-child\" data-id=\"636f71a\" data-element_type=\"container\" data-e-type=\"container\">\n\t\t\t\t<div class=\"elementor-element elementor-element-fdee4ba elementor-widget elementor-widget-text-editor\" data-id=\"fdee4ba\" data-element_type=\"widget\" data-e-type=\"widget\" data-widget_type=\"text-editor.default\">\n\t\t\t\t<div class=\"elementor-widget-container\">\n\t\t\t\t\t\t\t\t\t<p>\u201cSr. Nico posso montar meu acampamento aqui???\u201d<\/p>\t\t\t\t\t\t\t\t<\/div>\n\t\t\t\t<\/div>\n\t\t\t\t<\/div>\n\t\t\t\t\t<\/div>\n\t\t\t\t<\/div>\n\t\t<div class=\"elementor-element elementor-element-108062a e-flex e-con-boxed e-con e-parent\" data-id=\"108062a\" data-element_type=\"container\" data-e-type=\"container\">\n\t\t\t\t\t<div class=\"e-con-inner\">\n\t\t\t\t<div class=\"elementor-element elementor-element-d421b86 elementor-widget elementor-widget-text-editor\" data-id=\"d421b86\" data-element_type=\"widget\" data-e-type=\"widget\" data-widget_type=\"text-editor.default\">\n\t\t\t\t<div class=\"elementor-widget-container\">\n\t\t\t\t\t\t\t\t\t<p><span style=\"color: var( --e-global-color-text ); font-family: var( --e-global-typography-92b0a2d-font-family ), Sans-serif; font-size: var( --e-global-typography-92b0a2d-font-size ); font-weight: var( --e-global-typography-92b0a2d-font-weight ); letter-spacing: var( --e-global-typography-f500460-letter-spacing ); word-spacing: var( --e-global-typography-f500460-word-spacing );\">Esta foi a frase do primeiro pescador a se hospedar conosco, nesta \u00e9poca moravam apenas meus av\u00f3s e alguns de seus filhos. Na verdade, n\u00e3o existia um hotel e sim uma fazenda com humildes e simples fazendeiros. Este pescador em poucos dias pescou uma enorme quantidade de peixes.<\/span><\/p><p>Ao retornar a sua cidade, o pescador que hoje \u00e9 um grande amigo e companheiro, come\u00e7ou a contar da sua aventura e das belezas do pantanal na regi\u00e3o do Porto Jofre, logo outros pescadores come\u00e7aram a aparecer. Desta maneira come\u00e7ou a hist\u00f3ria de muita dedica\u00e7\u00e3o e trabalho do <strong>HOTEL PORTO JOFRE PANTANAL NORTE.<\/strong><\/p><p><strong>O HOTEL PORTO JOFRE PANTANAL NORTE<\/strong> conta com uma estrutura de primeiro mundo, proporcionando a seus h\u00f3spedes conforto e satisfa\u00e7\u00e3o em suas horas de pescaria e lazer. \u00c9 o \u00fanico hotel no Brasil a trabalhar somente com <strong>LANCHAS MARAJ\u00d3<\/strong> 19 com motor 115 HP al\u00e9m de v\u00e1rios modelos e tamanhos de lanchas para passeio de observa\u00e7\u00e3o pilotadas por experientes guias da regi\u00e3o.<\/p><p>Desde 1984 o hotel vem preservando e respeitando o Pantanal, no Porto Jofre, regi\u00e3o hoje muita conhecida por habitar uma grande concentra\u00e7\u00e3o de on\u00e7as pintadas. O hotel trabalha tamb\u00e9m com Turismo Ecol\u00f3gico, sobretudo passeios de observa\u00e7\u00e3o de on\u00e7as pintadas e outras esp\u00e9cies de mam\u00edferos al\u00e9m da infinidade de aves.<\/p><p>Porto Jofre, palavra originada devido a Rod. Transpantaneira come\u00e7ar em Pocon\u00e9 e terminar no Rio Cuiab\u00e1. Este local se tornou um PORTO de entrada e sa\u00edda de gado e diversos produtos como alimentos e insumos agr\u00edcolas, para diversas fazendas a cima e abaixo deste local.<\/p><p>Do lado direito da Transpantaneira localiza-se a Fazenda JOFRE, com isto o local ficou conhecido como <strong>PORTO JOFRE.<\/strong><\/p>\t\t\t\t\t\t\t\t<\/div>\n\t\t\t\t<\/div>\n\t\t\t\t\t<\/div>\n\t\t\t\t<\/div>\n\t\t<div class=\"elementor-element elementor-element-20fdf214 e-flex e-con-boxed e-con e-parent\" data-id=\"20fdf214\" data-element_type=\"container\" data-e-type=\"container\">\n\t\t\t\t\t<div class=\"e-con-inner\">\n\t\t\t\t<div class=\"elementor-element elementor-element-c597ddc elementor-widget elementor-widget-image\" data-id=\"c597ddc\" data-element_type=\"widget\" data-e-type=\"widget\" data-widget_type=\"image.default\">\n\t\t\t\t<div class=\"elementor-widget-container\">\n\t\t\t\t\t\t\t\t\t\t\t\t<figure class=\"wp-caption\">\n\t\t\t\t\t\t\t\t\t\t\t<a href=\"https:\/\/www.portojofre.com.br\/site\/wp-content\/uploads\/2024\/06\/DJI_0401-scaled-e1718462222549.jpg\" data-elementor-open-lightbox=\"yes\" data-e-action-hash=\"#elementor-action%3Aaction%3Dlightbox%26settings%3DeyJpZCI6MjIwMiwidXJsIjoiaHR0cHM6XC9cL3d3dy5wb3J0b2pvZnJlLmNvbS5iclwvc2l0ZVwvd3AtY29udGVudFwvdXBsb2Fkc1wvMjAyNFwvMDZcL0RKSV8wNDAxLXNjYWxlZC1lMTcxODQ2MjIyMjU0OS5qcGcifQ%3D%3D\">\n\t\t\t\t\t\t\t<img decoding=\"async\" width=\"2560\" height=\"1301\" src=\"https:\/\/www.portojofre.com.br\/site\/wp-content\/uploads\/2024\/06\/DJI_0401-scaled-e1718462222549.jpg\" class=\"attachment-full size-full wp-image-2202\" alt=\"\" srcset=\"https:\/\/www.portojofre.com.br\/site\/wp-content\/uploads\/2024\/06\/DJI_0401-scaled-e1718462222549.jpg 2560w, https:\/\/www.portojofre.com.br\/site\/wp-content\/uploads\/2024\/06\/DJI_0401-scaled-e1718462222549-300x152.jpg 300w, https:\/\/www.portojofre.com.br\/site\/wp-content\/uploads\/2024\/06\/DJI_0401-scaled-e1718462222549-1024x520.jpg 1024w, https:\/\/www.portojofre.com.br\/site\/wp-content\/uploads\/2024\/06\/DJI_0401-scaled-e1718462222549-768x390.jpg 768w, https:\/\/www.portojofre.com.br\/site\/wp-content\/uploads\/2024\/06\/DJI_0401-scaled-e1718462222549-1536x781.jpg 1536w, https:\/\/www.portojofre.com.br\/site\/wp-content\/uploads\/2024\/06\/DJI_0401-scaled-e1718462222549-2048x1041.jpg 2048w\" sizes=\"(max-width: 2560px) 100vw, 2560px\" \/>\t\t\t\t\t\t\t\t<\/a>\n\t\t\t\t\t\t\t\t\t\t\t<figcaption class=\"widget-image-caption wp-caption-text\">Clique para aumentar<\/figcaption>\n\t\t\t\t\t\t\t\t\t\t<\/figure>\n\t\t\t\t\t\t\t\t\t<\/div>\n\t\t\t\t<\/div>\n\t\t\t\t\t<\/div>\n\t\t\t\t<\/div>\n\t\t\t\t<\/div>\n\t\t","protected":false},"excerpt":{"rendered":"<p>Nossa Hist\u00f3ria Clique para aumentar \u201cSr. Nico posso montar meu acampamento aqui???\u201d Esta foi a frase do primeiro pescador a se hospedar conosco, nesta \u00e9poca moravam apenas meus av\u00f3s e alguns de seus filhos. Na verdade, n\u00e3o existia um hotel e sim uma fazenda com humildes e simples fazendeiros. Este pescador em poucos dias pescou [&hellip;]<\/p>\n","protected":false},"author":1,"featured_media":0,"parent":0,"menu_order":0,"comment_status":"closed","ping_status":"closed","template":"","meta":{"footnotes":""},"class_list":["post-327","page","type-page","status-publish","hentry"],"_links":{"self":[{"href":"https:\/\/www.portojofre.com.br\/site\/wp-json\/wp\/v2\/pages\/327","targetHints":{"allow":["GET"]}}],"collection":[{"href":"https:\/\/www.portojofre.com.br\/site\/wp-json\/wp\/v2\/pages"}],"about":[{"href":"https:\/\/www.portojofre.com.br\/site\/wp-json\/wp\/v2\/types\/page"}],"author":[{"embeddable":true,"href":"https:\/\/www.portojofre.com.br\/site\/wp-json\/wp\/v2\/users\/1"}],"replies":[{"embeddable":true,"href":"https:\/\/www.portojofre.com.br\/site\/wp-json\/wp\/v2\/comments?post=327"}],"version-history":[{"count":73,"href":"https:\/\/www.portojofre.com.br\/site\/wp-json\/wp\/v2\/pages\/327\/revisions"}],"predecessor-version":[{"id":2670,"href":"https:\/\/www.portojofre.com.br\/site\/wp-json\/wp\/v2\/pages\/327\/revisions\/2670"}],"wp:attachment":[{"href":"https:\/\/www.portojofre.com.br\/site\/wp-json\/wp\/v2\/media?parent=327"}],"curies":[{"name":"wp","href":"https:\/\/api.w.org\/{rel}","templated":true}]}}